he greatest common divisor of 35 and p.
35
Let k = 11 - 6. Suppose 0 = -j - o + 6*o + 5, 2*j - 10 = -3*o. What is the greatest common factor of j and k?
5
Let w(d) = d**3 - 6*d**2 - 3*d - 8. Let b be w(7). Calculate the highest common divisor of 4 and b.
4
Let n = 1 - -3. Suppose n*k = k + 165. What is the highest common divisor of k and 11?
11
Let v(z) = -3*z**2 + 3 - z**3 + 5*z - z**2 - 4*z**2 + 6*z**2. Let b be v(-4). Calculate the highest common factor of 5 and b.
5
Let k(h) = 5*h + h**2 - h + 7*h - 4. Let x be k(-12). What is the greatest common divisor of x and 24?
8
Suppose -4*a - a - 180 = 0. Let r = a - -60. Calculate the greatest common factor of r and 8.
8
Suppose 2*w + y = 87, 0 = -w - 4*y + y + 41. What is the greatest common divisor of w and 110?
22
Let a(h) = h**3 + 5*h**2 - 2*h - 6. Let p be a(-5). Calculate the greatest common divisor of 16 and p.
4
Suppose -5*l = q - 70, -7*q = 3*l - 2*q - 64. Let k = 5 - 5. Suppose k*t + 13 = t. Calculate the greatest common divisor of l and t.
13
Let l(z) = 3*z**2 + 24*z - 4. Let d be l(-11). What is the highest common divisor of d and 19?
19
Let d = 26 - -39. Let a be 4/((-2)/(-1)) + 16 + -5. Calculate the greatest common divisor of d and a.
13
Let n = -28 + 45. Let r = -26 + 43. Calculate the highest common divisor of n and r.
17
Let c(o) = o**3 + 4*o. Let q be (-10)/14 - 8/28. Let j = q - -4. Let i be c(j). Calculate the greatest common factor of i and 13.
13
Let h be (11/2)/((-8)/(-64)). Calculate the greatest common divisor of h and 11.
11
Let j(t) = -2*t**3 - t. Let f be j(1). Let x be f/9 - 62/(-6). Calculate the highest common divisor of 60 and x.
10
Let s be 2 - -3 - (0 + -1). Let p be 32/s*6/4. What is the greatest common factor of p and 24?
8
Suppose 0*y + 2 = y. Suppose 0*d = d - y. Calculate the greatest common divisor of d and 5.
1
Suppose -5*g - h = -3*h - 65, -h + 6 = g. Let c be (-4)/10 + (-2)/(-5). Suppose m - q - 31 - 47 = c, -3 = 3*q. What is the highest common factor of m and g?
11
Suppose -3*d - 1 + 25 = 0. Let x = 150 - 76. Let t = -18 + x. What is the highest common divisor of d and t?
8
Let x(q) = q**3 + 23*q**2 - 25*q + 52. Let r be x(-24). Calculate the greatest common factor of r and 114.
38
Let k(z) = -z**2 + 7*z + 4. Let j(x) = -2*x**2 + 15*x + 9. Let h(v) = 6*j(v) - 13*k(v). Let i be h(1). What is the greatest common divisor of i and 10?
2
Let h be -3*(-2 - -1) - (-187)/17. What is the highest common divisor of h and 91?
7
Let t(k) = k**3 + 22*k**2 - 24*k - 12. Let z be t(-23). Let r = -42 - -64. Calculate the greatest common divisor of r and z.
11
Let z = -1 - -4. Suppose -5*g - 28 = -z*x, -5*x + 25 = -g - 3*g. What is the greatest common factor of 1 and x?
1
Let s = 5 + -3. Let h be 0/2 + 10/5. Suppose o + a - 118 = -h*o, a = -s. What is the highest common divisor of 10 and o?
10
Let a(d) = d**2 - 4*d + 2. Let o be (-6)/(1 + 5/(-2)). Let j be a(o). Let n be -4*((-21)/(-4))/(-7). Calculate the highest common divisor of j and n.
1
Suppose 0 = -l - 2*l + 12. Let b = 21 - l. What is the greatest common factor of 51 and b?
17
Let f(l) = l**2 + 3*l + 3. Let j be f(-2). Let v be (4/8)/(j/10). Calculate the greatest common divisor of v and 10.
5
Suppose -2*t + 36 + 36 = 0. Let p(n) = 4*n + 6. Let k be 63/28*4/3. Let f be p(k). What is the highest common factor of f and t?
18
Let v be (4 - 0) + 196 + 4. Calculate the highest common factor of 12 and v.
12
Let a(g) = -387*g**3 - 2*g**2 + 1. Let l be a(-1). Let z = -143 + l. What is the greatest common divisor of 27 and z?
27
Suppose -2*k = -3*k + 5. Let w be (10/k)/(1/10). Calculate the greatest common divisor of w and 5.
5
Let q(v) be the second derivative of -v**4/12 - 3*v**3 - 5*v**2 + 3*v. Let w be q(-10). Let f = w + 10. What is the greatest common factor of 16 and f?
16
Let x be (-2)/6 - 39/(-9). Let f(n) be the second derivative of n**4/12 - n**3/6 - n**2/2 + 2*n. Let y be f(2). What is the highest common factor of x and y?
1
Let r(d) = d**3 - 5*d**2 - 5*d - 4. Let l be r(6). Suppose -l = 3*a - a. Let o be (-3 - -21)*(-1)/a. What is the greatest common factor of 6 and o?
6
Suppose -4*o - 3 = -v + 18, -2*v - 2*o + 52 = 0. Calculate the highest common divisor of v and 50.
25
Let p(b) = b**2 - 2*b - 2. Let l be p(4). Let u = l + 2. Let k = -49 - -137. Calculate the greatest common divisor of u and k.
8
Suppose -5*a - 5*p + 46 - 11 = 0, 0 = a + 2*p - 8. Let h(z) = 3*z**2 - z. Let q be h(3). What is the greatest common divisor of a and q?
6
Let k = 119 - 44. Calculate the highest common factor of k and 25.
25
Let y be 21/(-2)*(-60)/35. Suppose -3*t + t + y = 0. Let n = -13 - -49. Calculate the highest common divisor of n and t.
9
Let k = -100 + 107. What is the greatest common factor of 2 and k?
1
Suppose 2*w - 184 = -2*n, 4*w = -4*n + 2*w + 360. Calculate the highest common factor of n and 8.
8
Let j = 1 - -4. Suppose 4*l - j*l = 3*r + 10, -2*r = 3*l + 16. Let i be (3 - 5)*-8 + r. What is the greatest common divisor of i and 14?
14
Let t be 2/(-11) - (-2646)/33. Suppose m - 3*m + t = 0. Let r be -1 - 3*3*-1. Calculate the highest common divisor of r and m.
8
Suppose 0*h + 270 = 5*h. Calculate the highest common divisor of 6 and h.
6
Let x(y) = -3 - 3*y + 10 + 2*y. Let g be x(-9). Suppose r - 68 = g. What is the greatest common factor of 12 and r?
12
Let l(j) = -j + 7. Let g be l(4). Suppose -g*t + 4*o = -232, -t + 4*o + 47 + 17 = 0. Calculate the highest common divisor of t and 12.
12
Let l(a) = -10*a - 61. Let f be l(-16). What is the greatest common factor of f and 9?
9
Suppose -5*g + 5*s - 131 + 46 = 0, -2*s = 3*g + 46. Let p = g - -36. What is the greatest common divisor of p and 10?
10
Let f be (5 + -2)*25/15. What is the greatest common divisor of f and 25?
5
Let d(g) be the third derivative of -19*g**4/12 + g**2. Suppose 5*s - 2 + 12 = 0. Let b be d(s). What is the greatest common divisor of 19 and b?
19
Let c(k) = -k**3 - 13*k + 3*k**2 + 2*k**3 + 9*k. Let l be c(-3). Calculate the highest common factor of l and 4.
4
Suppose 0 = -4*j - 49 + 569. Suppose 11*x - 117 = 26. Calculate the highest common factor of j and x.
13
Suppose -34 = -4*k - 3*b, 36 = k + 2*k - 3*b. Suppose -4*i + 5*z = -65, i = 2*z - 6*z - 10. Calculate the greatest common divisor of k and i.
10
Suppose 0 = -3*l - 4*j - 3, -2*l - 2 = 5*j - 0. Let d = l + 9. Calculate the greatest common factor of d and 20.
4
Let f = -9 + 17. Suppose 142 - 14 = 4*t. What is the greatest common factor of f and t?
8
Let j(l) = -8 - 6 + 5 - 6*l. Let s be j(-6). Calculate the greatest common factor of 3 and s.
3
Let h(d) = 2*d + 8. Let m be h(-3). Calculate the highest common factor of 16 and m.
2
Let u = 11 - 19. Let k be 20*u*(-4)/10. Suppose 2*w = -2*w + 32. What is the highest common divisor of w and k?
8
Let k = -25 - -52. Let p(g) = 3*g + g**3 - 3*g + 9. Let q be p(0). Calculate the highest common divisor of k and q.
9
Let w be (-200)/(-30)*(-18)/(-8). What is the greatest common divisor of w and 45?
15
Let w(p) = -5*p + 30. Let z be w(-14). Calculate the greatest common divisor of z and 20.
20
Suppose -4*d - 13 = -5*d. Calculate the greatest common divisor of 13 and d.
13
Let p = 1099 + -784. What is the highest common divisor of p and 35?
35
Let d = -75 + 90. Let p be 1/(-2) + 542/4. Calculate the highest common factor of d and p.
15
Let w(g) = 4*g**2 + 2*g + 1. Let s be w(2). Let t(j) = 15*j - 4. Let z be t(3). Let c = z - -190. Calculate the highest common factor of s and c.
21
Let f = 433 + -283. What is the highest common divisor of 60 and f?
30
Suppose b + 22 = 4*u - 16, 0 = 4*u - 3*b - 42. Let c = -9 - -9. Suppose -4*m + 6*m - 54 = c. What is the highest common divisor of m and u?
9
Suppose 4*m - 5*s - 5 = 3*m, 0 = -5*m + s + 73. Let j(a) = -31*a**3 - a**2. Let r be j(-1). What is the highest common divisor of m and r?
15
Suppose i = 4*i - 33. What is the greatest common factor of i and 33?
11
Let x be (-8)/20 - (-1826)/(-10). Let o = -123 - x. What is the highest common divisor of 12 and o?
12
Let b(f) = f**2 + 4*f - 6. Let h be (-4)/(-6) - (-102)/(-18). Let q be b(h). Let c be (-10)/(q + (2 - 2)). Calculate the highest common factor of c and 2.
2
Suppose -2*k - 5*g = -9, 7 = 5*g + 2. Suppose -k*t - 3*c + 36 = 0, -t + 0*c - c = -17. Calculate t